 + 9. Suppose 5553 = m*l - 1053. What are the prime factors of l?
367
Let j(c) = 2*c**2 + 22*c - 85. Let p be 1736/(-93) + -1 + 10/6. List the prime factors of j(p).
167
What are the prime factors of (4 - (-27)/9)*(-4349)/(-7)?
4349
Let t be 14/(-2) - 2*2. Let r = -6 - t. Suppose 3*v = -n + 11, 0 = 2*n - 6*n + v + r. What are the prime factors of n?
2
Let w(n) = 2*n**3 - 10*n**2 + 7*n + 1. Let t = -79 + 86. What are the prime factors of w(t)?
2, 3, 41
Suppose 0 = -4*y + 25 + 23. Suppose 0 = -23*w + 212 + 409. Suppose -69 + y = -2*x - 5*a, x - w = -a. List the prime factors of x.
2, 13
Let p(q) = 46*q - 4. Let r = -41 + 49. Suppose -r*d + d + 21 = 0. What are the prime factors of p(d)?
2, 67
Let u(h) = 9*h**2 + h + 13. Suppose 4*p - 8 = -3*t + 11, -3*p - 17 = -4*t. Suppose 4*s + t*l = 6, 0*l + 20 = 4*s - 2*l. List the prime factors of u(s).
7, 23
Let m = -30 - -8. Let j = -33 - m. Let o(w) = w**2 + 10*w + 12. List the prime factors of o(j).
23
Suppose 0 = -265*r + 44*r + 2699073. List the prime factors of r.
3, 23, 59
Suppose -1510 = -k - 2*q, -k = -2*q - q - 1490. Suppose 8080 = 6*l - k. List the prime factors of l.
1597
Suppose -8*s = -7 - 9. What are the prime factors of (-8)/s*(-2830)/40?
283
Let w = 4085 + -1750. Let s = -1538 + w. List the prime factors of s.
797
Suppose -b - 5*y - 7 = -3*b, -4*b = 3*y + 51. What are the prime factors of -1068*(b/2)/9?
2, 3, 89
Let l = -2201 - -1966. Let f be ((-192)/20)/((-4)/150). Let c = f + l. What are the prime factors of c?
5
Let o(j) = -j**3 + 7*j**2 - 5*j - 2. Let k be o(6). Suppose 3*u = -4*w + 589, 432 = 3*w + k*u - 5*u. Let y = w - -95. List the prime factors of y.
2, 3, 5
Let a(l) be the second derivative of l**4/3 - l**3 + l**2 - 2*l. Let z = -179 - -174. List the prime factors of a(z).
2, 3, 11
Let r be ((-6)/(-4))/(12/16). Let l = 4 - r. Suppose 359 = 5*k - p, -l*k + 6*p - p = -139. List the prime factors of k.
2, 3
Let z = 26909 + -18054. List the prime factors of z.
5, 7, 11, 23
Suppose -5*y - 5*v = -25, 2*y + 2*v - 3*v - 13 = 0. Let r(x) = -x**2 + 3*x + 19. Let q be r(y). What are the prime factors of (-412)/6*(25/(-10) + q)?
103
Suppose 16*a - 132523 = 105143 + 272702. List the prime factors of a.
2, 41, 389
Suppose -3*x - 4*b - 182 + 6570 = 0, 4*x - 8508 = -3*b. What are the prime factors of x?
2, 3, 59
Let u(y) = -1201*y + 9. List the prime factors of u(-6).
3, 5, 13, 37
Let y be (((-27)/(-18))/1)/((-2)/(-4)). List the prime factors of (2 + (-140)/15)/(y/(-63)).
2, 7, 11
Let s(n) be the first derivative of n**4/4 - n**3/3 - 5*n**2/2 - 7. Let w be s(0). List the prime factors of 3*(22 + 3 + w).
3, 5
Suppose -9*d = 3*d + 372. What are the prime factors of (601 - d) + (-2)/(-1) + 1?
5, 127
Suppose 5*m = 32*x - 36*x + 3882, -x - 2319 = -3*m. List the prime factors of m.
2, 3, 43
Let o(d) = 6*d**2 + 3*d - 16. Let f be o(-6). Suppose -170*v + f*v - 20484 = 0. List the prime factors of v.
3, 569
Let g(r) = r**3 - 32*r**2 - r + 32. Let o be g(32). List the prime factors of 643 + (3 - (6 + o)).
2, 5
What are the prime factors of (3693184/(-384))/(3/(-9))?
11, 43, 61
Suppose 0 = 2*a - 5*x - 2648, 3*a - 2587 = 5*x + 1385. Let k = a - 928. What are the prime factors of 35*(k/15)/4?
3, 7, 11
Let s(t) be the first derivative of 1/3*t**3 - 11*t**2 + 34 + 62*t. What are the prime factors of s(27)?
197
Suppose -5*v - 206 = -n - 2*n, 0 = -5*n - 4*v + 368. Suppose a - f = 18, -a + 5*a - n = f. What are the prime factors of a?
2, 3
What are the prime factors of (2/(-4))/((-25)/(-15 + 1613065))?
32261
Suppose 10*v = 9*v. Suppose -3*d - 4*y - 5 = 0, v = 2*d + 6*y - 7*y - 15. Suppose 0*g + d*g - 525 = 0. List the prime factors of g.
3, 5, 7
Let i(q) = 168*q**2 - 783*q - 8. List the prime factors of i(16).
2, 13, 293
Suppose 4*l + 20 = 8. Let k(z) = -z - 1. Let w(o) = -10*o**2 - 2*o + 5. Let i(t) = 3*k(t) - w(t). What are the prime factors of i(l)?
5, 17
Let q(g) = 11*g - 93. Let w be q(12). Suppose -8*b + 4*b = -2*f - 52, 3*b = 5*f + w. What are the prime factors of b?
13
Let o be 15845/30 - (-7)/(-42). List the prime factors of 96/o + 5916/11.
2, 269
Suppose -28*o - 28634 = -32*o + 3*b, 3*b = o - 7154. List the prime factors of o.
2, 5, 179
Let w(a) = 7*a**2 + 2*a + 40. Let i be w(-8). Let y = -6 + i. What are the prime factors of y?
2, 233
Let t(d) = d + 65. Let u be t(28). Let s = -40 + u. List the prime factors of s.
53
List the prime factors of 168/(-2604) - (-52144)/31.
2, 29
Suppose -302*x = -297*x - 3*m - 75362, -x = -5*m - 15090. What are the prime factors of x?
2, 5, 11, 137
Suppose 4*q - 5*b = 3941, 2*b + 92 = 3*q - 2862. Let k = 2185 - q. List the prime factors of k.
1201
Suppose -3*p - 66*h = -67*h - 2439, 4*p + h - 3259 = 0. What are the prime factors of p?
2, 11, 37
Suppose -4*b = c + 1, 6*c + 7 = -3*b + 4*c. List the prime factors of (-173)/b*(-10 - -9).
173
Let p be (-14)/7 - 8/2. Let y be (p/5)/(1 - 20/25). What are the prime factors of (-208)/y*(-30)/(-10)?
2, 13
Let m(c) = -c - 1. Let y(n) = 5*n + 5. Let j(f) = -9*m(f) - 2*y(f). Let s(d) = 27*d - 19. Let w(b) = 3*j(b) + s(b). What are the prime factors of w(3)?
2, 5
Let o = 52 + -44. Suppose -o*u - 219 = -11*u. Suppose 417 = 7*r - u. List the prime factors of r.
2, 5, 7
Suppose 4*m = 4*t + 156, -t + 2*t = 3*m - 45. List the prime factors of 3 - (t - (6 - 1)).
2, 11
Let v(x) = -3*x**3 - x**2 + 2*x + 2. Let i be v(-1). Suppose -u = -5*q - 323, i*q = 4*q. Let o = u - 141. What are the prime factors of o?
2, 7, 13
Suppose -6*k = 16*k - 172018. What are the prime factors of k?
7, 1117
Let b(u) be the third derivative of -55*u**4/24 + 4*u**3/3 - 23*u**2. Let v be b(2). List the prime factors of v/(-20)*8 - 5/(-25).
41
Suppose 2*k + 6798 = 24302. List the prime factors of k.
2, 547
Let x be (-14193)/36 + 6/(-8) + 0. Let m = x + 729. List the prime factors of m.
2, 167
Let h be 2/((-4)/(-13154)) - 2/2. Suppose 5*x - h = -7*x. List the prime factors of x.
2, 137
Suppose a + 125 - 130 = 0. Suppose 6 = n + 3*d + 14, 2*d = a*n + 74. List the prime factors of 66/9*(-399)/n.
11, 19
Let n(c) be the third derivative of c**6/360 - c**5/40 + 5*c**4/24 + c**3/3 - 12*c**2. Let k(s) be the first derivative of n(s). List the prime factors of k(9).
59
Suppose 2*q = -3*z - 6, -3*q + 14 = -5*q - 5*z. Suppose -q*t + 646 = -197. Let i = t + -13. List the prime factors of i.
2, 67
Let p(f) = f**3 - 4*f**2 - 5*f + 6. Let q be p(5). What are the prime factors of (-4761)/q*(96/18 + -6)?
23
Suppose -26*t = 30*t - 822640. What are the prime factors of t?
2, 5, 13, 113
Let j = -11817 + 21612. Let b = j + -3033. List the prime factors of (b/(-8))/(-7) + (-1)/(-4).
11
What are the prime factors of 3422944/(-1480)*(-5)/2?
2, 7, 59
List the prime factors of ((-7644)/(-1078))/((-12)/(-9944)).
2, 13, 113
Suppose 128*c = 124*c - 16. Suppose -6*k - 28 = -2*k + i, 3*k - 4*i = -2. List the prime factors of 522/4*c/k.
3, 29
Let y = -37 - -36. Let x be y + 2 + -3 + 5 + -2. List the prime factors of (-8)/(-16)*(x + 155).
2, 3, 13
Suppose 27*s - 30*s = -4*b - 23439, -31233 = -4*s - b. What are the prime factors of s?
3, 19, 137
Let x be 1/((-8)/(13 + 3)). What are the prime factors of (19 + -112)*(x - 0)?
2, 3, 31
Let a = 413 + -59. Suppose -h = 5*f - a, -f + h - 5*h + 86 = 0. Suppose -f = -k + 3*x + 20, -x = 4*k - 347. List the prime factors of k.
3, 29
Suppose 80*k - 4927 = 79*k - 5*i, -2*k - 4*i + 9854 = 0. What are the prime factors of k?
13, 379
Let s be 20/(-90) - 8/(-36). Suppose s = -5*o - 3*t + 7637, -12*o - 4*t - 7609 = -17*o. What are the prime factors of o?
5, 61
Suppose 300 = -10*n + 13*n. Let b = 167 - n. Let m = b - 41. List the prime factors of m.
2, 13
Let l(u) = 207*u**2 - 73*u - 15. List the prime factors of l(7).
59, 163
Let j(s) = -s - 2. Let g(r) = 5*r**2 + 4*r. Let x(n) = 2*g(n) + 4*j(n). List the prime factors of x(5).
2, 131
Let d be ((15570/5)/6)/1. Suppose g + 3*t - d = 626, -3*g = -5*t - 3421. What are the prime factors of g?
2, 571
Let c be (0 + -2 + 51)/(-1). Let v = 49 + c. Suppose u + 15 - 80 = v. List the prime factors of u.
5, 13
Let k be (0*(4 + (-85)/20))/(-2). What are the prime factors of (-1 + k + 0)*-813?
3, 271
List the prime factors of (-12 + (-108)/(-8))*13318.
3, 6659
Let p(o) = -2*o**3 - 19*o**2 + 28*o + 56. List the prime factors of p